t of 973?
9
What is the tens digit of 1133?
3
What is the ten thousands digit of 14760?
1
What is the tens digit of 9125?
2
What is the hundreds digit of 7882?
8
What is the hundreds digit of 17688?
6
What is the tens digit of 3010?
1
What is the thousands digit of 3973?
3
What is the units digit of 4493?
3
What is the hundreds digit of 63473?
4
What is the tens digit of 234?
3
What is the thousands digit of 36719?
6
What is the thousands digit of 9169?
9
What is the thousands digit of 4941?
4
What is the hundreds digit of 9513?
5
What is the ten thousands digit of 10014?
1
What is the tens digit of 632?
3
What is the thousands digit of 56016?
6
What is the thousands digit of 1007?
1
What is the tens digit of 6353?
5
What is the hundreds digit of 20155?
1
What is the thousands digit of 9988?
9
What is the units digit of 2392?
2
What is the thousands digit of 96754?
6
What is the hundreds digit of 6750?
7
What is the units digit of 210?
0
What is the hundreds digit of 3136?
1
What is the units digit of 27717?
7
What is the thousands digit of 15417?
5
What is the units digit of 897?
7
What is the thousands digit of 5346?
5
What is the units digit of 42600?
0
What is the thousands digit of 20347?
0
What is the tens digit of 127?
2
What is the tens digit of 2297?
9
What is the tens digit of 1499?
9
What is the tens digit of 11687?
8
What is the units digit of 843?
3
What is the tens digit of 542?
4
What is the hundreds digit of 821?
8
What is the thousands digit of 3551?
3
What is the units digit of 743?
3
What is the hundreds digit of 7193?
1
What is the units digit of 1307?
7
What is the thousands digit of 37489?
7
What is the thousands digit of 112924?
2
What is the hundred thousands digit of 148802?
1
What is the thousands digit of 3677?
3
What is the tens digit of 710?
1
What is the units digit of 36?
6
What is the tens digit of 790?
9
What is the thousands digit of 55423?
5
What is the tens digit of 154?
5
What is the units digit of 843?
3
What is the tens digit of 12091?
9
What is the thousands digit of 2831?
2
What is the thousands digit of 14852?
4
What is the ten thousands digit of 80571?
8
What is the thousands digit of 154016?
4
What is the ten thousands digit of 12417?
1
What is the thousands digit of 1371?
1
What is the units digit of 2361?
1
What is the hundreds digit of 110699?
6
What is the tens digit of 19902?
0
What is the tens digit of 18?
1
What is the tens digit of 6634?
3
What is the units digit of 666?
6
What is the thousands digit of 2595?
2
What is the thousands digit of 4453?
4
What is the hundreds digit of 64597?
5
What is the hundreds digit of 7719?
7
What is the ten thousands digit of 47933?
4
What is the units digit of 7044?
4
What is the hundreds digit of 12685?
6
What is the thousands digit of 14331?
4
What is the units digit of 26686?
6
What is the thousands digit of 5830?
5
What is the ten thousands digit of 19942?
1
What is the tens digit of 421?
2
What is the thousands digit of 12419?
2
What is the tens digit of 14667?
6
What is the hundreds digit of 2952?
9
What is the tens digit of 7160?
6
What is the ten thousands digit of 167153?
6
What is the thousands digit of 2824?
2
What is the thousands digit of 66142?
6
What is the hundreds digit of 5687?
6
What is the tens digit of 15758?
5
What is the thousands digit of 7862?
7
What is the tens digit of 1479?
7
What is the units digit of 3225?
5
What is the tens digit of 42143?
4
What is the hundreds digit of 874?
8
What is the tens digit of 2583?
8
What is the tens digit of 493?
9
What is the tens digit of 25233?
3
What is the units digit of 3196?
6
What is the thousands digit of 3499?
3
What is the ten thousands digit of 116499?
1
What is the thousands digit of 34677?
4
What is the units digit of 38615?
5
What is the units digit of 77?
7
What is the tens digit of 2110?
1
What is the tens digit of 4147?
4
What is the hundreds digit of 9820?
8
What is the tens digit of 8337?
3
What is the thousands digit of 3801?
3
What is the hundreds digit of 7409?
4
What is the units digit of 10533?
3
What is the units digit of 11651?
1
What is the tens digit of 47400?
0
What is the tens digit of 94305?
0
What is the units digit of 13270?
0
What is the hundreds digit of 42911?
9
What is the units digit of 1498?
8
What is the units digit of 120?
0
What is the units digit of 3655?
5
What is the hundreds digit of 1182?
1
What is the thousands digit of 68401?
8
What is the units digit of 305?
5
What is the tens digit of 1689?
8
What is the tens digit of 13659?
5
What is the tens digit of 632?
3
What is the tens digit of 28384?
8
What is the tens digit of 58038?
3
What is the ten thousands digit of 59050?
5
What is the hundreds digit of 13958?
9
What is the tens digit of 1237?
3
What is the units digit of 931?
1
What is the units digit of 1026?
6
What is the units digit of 4419?
9
What is the thousands digit of 4742?
4
What is the units digit of 800?
0
What is the tens digit of 32551?
5
What is the units digit of 10659?
9
What is the units digit of 969?
9
What is the tens digit of 53993?
9
What is the units digit of 345?
5
What is the tens digit of 295?
9
What is the thousands digit of 3400?
3
What is the tens digit of 1151?
5
What is the thousands digit of 9227?
9
What is the units digit of 3864?
4
What is the units digit of 3510?
0
What is the units digit of 1196?
6
What is the thousands digit of 6059?
6
What is the units digit of 7353?
3
What is the tens digit of 1842?
4
What is the tens digit of 23435?
3
What is the hundreds digit of 11515?
5
What is the hundreds digit of 2176?
1
What is the thousands digit of 100554?
0
What is the thousands digit of 2667?
2
What is the units digit of 7728?
8
What is the hundreds digit of 194?
1
What is the tens digit of 16407?
0
What is the tens digit of 25057?
5
What is the units digit of 404?
4
What is the units digit of 1618?
8
What is the units digit of 994?
4
What is the units digit of 225?
5
What is the thousands digit of 6447?
6
What is the hundreds digit of 25925?
9
What is the hundreds digit of 1631?
6
What is the hundreds digit of 1965?
9
What is the ten thousands digit of 134904?
3
What is the tens digit of 1546?
4
What is the tens digit of 650?
5
What is the thousands digit of 77574?
7
What is the units digit of 1229?
9
What is the units digit of 8815?
5
What is the tens digit of 18009?
0
What is the tens digit of 1310?
1
What is the hundreds digit of 1255?
2
What is the hundreds digit of 2745?
7
What is the hundreds digit of 4044?
0
What is the units digit of 88701?
1
What is the thousands digit of 1283?
1
What is the hundreds digit of 1784?
7
What is the thousands digit of 149930?
9
What is the tens digit of 10447?
4
What is the hundreds digit of 797?
7
What is the ten thousands digit of 34445?
3
What is the units digit of 23049?
9
What is the tens digit of 1306?
0
What is the hundreds digit of 1709?
7
What is the ten thousands digit of 14211?
1
What is the tens digit of 327?
2
What is the tens digit of 11215?
1
What is the thousands digit of 65533?
5
What is the units digit of 590?
0
What is the tens digit of 1995?
9
What is the tens digit of 179?
7
What is the hundreds digit of 5788?
7
What is the units digit of 8357?
7
What is the hundreds digit of 188660?
6
What is the hundreds digit of 33104?
1
What is the units digit of 29694?
4
What is the tens digit of 15752?
5
What is the units digit of 7466?
6
What is the units digit of 16?
6
What is the units digit of 1787?
7
What is the ten thousands digit of 73372?
7
What is the thousands digit of 1914?
1
What is the hundreds digit of 759?
7
What is the thousands digit of 1387?
1
What is the tens digit of 13800?
0
What is the units digit of 59909?
9
What is the thousands digit of 8638?
8
What is the hundreds digit of 311?
3
What is the hundreds digit of 41175?
1
What is the thousands digit of 3389?
3
What is the ten thousands digit of 10470?
1
What is the units digit of 15437?
7
What is the hundreds digit of 54184?
1
What is the thousands digit of 39468?
9
What is the units digit of 8455?
5
What is the ten thousands digit of 11591?
1
What is the hundreds digit of 1133?
1
What is the units digit of 9?
9
What is the ten thousands digit of 36350?
3
What is the units digit of 113?
3
Wh